t c(s) = -9 + 5*s**3 - 4*s**3 - 9*s**2 + 0*s**3 + 4*s - s. What is the units digit of c(9)?
8
Let b(d) = d + 8. Let c be b(-8). Suppose c = -4*k - 19 + 211. What is the units digit of k?
8
Suppose -v + 26 = 2*v - 2*c, 5*c - 37 = -v. Let s = -7 + v. What is the units digit of s*(-1 - 18/(-10))?
4
Suppose 5*m = 2*m + 45. Suppose -25 = -2*d + 5*z, -2*d - z + m = -4*z. Suppose -t = -d - 12. What is the tens digit of t?
1
Let u = -5 - -7. Suppose s - 5*s - 1 = -h, -5*h + u*s = -95. What is the tens digit of h?
2
Suppose -30 = -0*x + 2*x. Let h = x - -25. What is the units digit of h?
0
Suppose 2*b + 318 = 4*b. What is the units digit of b?
9
Let u(r) = 27*r + 32. What is the tens digit of u(10)?
0
Let q(s) = 13*s**3 - 5*s**2 + 9*s - 11. What is the units digit of q(3)?
2
Suppose -2*y + 229 = 35. What is the tens digit of y?
9
Let j be 12/(-10)*(3 + 2). Let x = -8 - j. Let r(s) = s**3 + 3*s**2 + s + 1. What is the units digit of r(x)?
3
Let m(r) = -r + 3. Let w be m(-5). Suppose -5*f - 10 = -3*a + w*a, 0 = -4*f - 3*a - 3. What is the tens digit of 12/((-2 + f)/1)?
1
Let f(a) = a**2 + 3*a - 6. Let j be f(-6). Suppose -j + 0 = -3*x. Suppose 5*o - 24 = i, 0 = x*i - 5*o + 12 + 9. What is the units digit of i?
1
Let f be 6 + -3 + 1 + -2. What is the units digit of ((-56)/12)/(f/(-3))?
7
Suppose 0*x - 2 = h - 2*x, -4*h = -4*x. Let u(k) = 0*k - 4 - 5*k**2 + 6*k - h + k**3. What is the units digit of u(4)?
2
What is the units digit of 2/(-6) + (-3808)/(-48)?
9
Suppose 3*r = -r + 36. What is the units digit of r?
9
Let v(b) = b**3 - 4*b**2 - b - 8. Let h be v(7). Suppose -o + h = 3*o - 2*l, o - 44 = -5*l. What is the tens digit of o?
3
Let k(z) = -11*z**2 + 13*z - 7. Let a be k(6). What is the tens digit of (-8)/5*a/10?
5
Suppose -4*x + 905 = -2*w + 3*w, x - 3*w - 223 = 0. What is the tens digit of x?
2
Suppose -2*s = -3 - 5. Suppose 5*m = o + 7, -m + 6*m + 2*o - 16 = 0. What is the units digit of m/s + (-13)/(-2)?
7
Let f(k) be the second derivative of k**4/6 - k**3 + 5*k**2/2 - 15*k. Let t(m) = m**3 - m**2. Let u be t(2). What is the units digit of f(u)?
3
Let a = -78 - -140. Let z be 2/9 + 22/(-18). What is the tens digit of a/6 + z/3?
1
Let c = -6 + 11. Suppose 0 = c*x - 3*j - 15, -2*x - 4*j + 17 = -15. What is the units digit of x?
6
Let h = 42 + -30. What is the tens digit of h?
1
Let k = -1 - -8. Let s = -7 + k. What is the tens digit of s + (39/3 - 0)?
1
Let n be (-65)/(-30) - 2/12. What is the tens digit of (3 - n)/((-1)/(-19))?
1
What is the units digit of 9 + (-8)/(-3 - -7)?
7
Suppose 0 = -5*b + 4*u + 74, 2*u + 4 = -2*u. What is the units digit of b?
4
What is the hundreds digit of ((-48)/10)/(-8) + (-1234)/(-10)?
1
Let o = -1 - -2. What is the units digit of o?
1
Suppose -60 = 3*k - 7*k. Suppose 4*v - 5*q = -k, 2*v + 2*q + q + 13 = 0. What is the units digit of 15/6*(-12)/v?
6
Let x(j) = j**3 - j**2 + j + 10. Suppose 0 = -s - 1 + 3. Suppose -s*n = 2*n. What is the units digit of x(n)?
0
Let n be (-1*1)/(6/(-36)). What is the tens digit of (8/(-10))/(n/(-90))?
1
Let c be -18*(24/(-9))/4. Let h = c + -7. What is the units digit of h?
5
Suppose 0 = 4*g - 5*a - 95, g + 5*a + 45 = 3*g. Let u = -36 + 18. Let d = g + u. What is the units digit of d?
7
Suppose -2*g - 3*i + 30 = -9, -5*g = -3*i - 45. What is the units digit of g?
2
Let r(i) = -2*i**3 - i**2 - 5*i - 4. What is the hundreds digit of r(-5)?
2
Let q(s) = -s - 1. Let i(w) = -4*w**2 - w**2 + 7*w**2 - 3*w**2 + 12 + 7*w. Let r(n) = -i(n) - 6*q(n). What is the units digit of r(5)?
4
Let t = -5 - -8. Suppose -t*g + 0*g = 0. Suppose g = -0*k - 2*k + 8. What is the units digit of k?
4
Let o(v) be the third derivative of 0*v - 1/24*v**4 + v**3 - v**2 + 0. What is the units digit of o(4)?
2
Let q be (14/4)/(2/4). Suppose 1 - q = -y. What is the units digit of y?
6
Let m be 5/2*(-4 + 6). Suppose -m*n + 38 = -177. What is the units digit of (-12)/20 - n/(-5)?
8
What is the units digit of 1/((-1)/((-6)/(24/340)))?
5
Suppose 9*y - 275 = 4*y. What is the tens digit of y?
5
Let r = -54 + 94. Suppose -2*k - r = 2*d - d, 0 = 3*k + 5*d + 74. What is the units digit of 40/18 - (-4)/k?
2
Suppose -q + 4*j + 36 = 0, -5*j = 2*q - 3*j - 112. What is the tens digit of q?
5
Let p(w) = 5*w**3 - 18*w**2 + 2*w + 19. Let d(g) = -3*g**3 + 9*g**2 - g - 10. Let t(r) = -7*d(r) - 4*p(r). What is the units digit of t(-9)?
3
Let u be (-23 - (-2 + 0))*1. Suppose 4*x - 50 = 2*y - 4*y, 3*x = 3*y - 111. Let n = y + u. What is the tens digit of n?
1
Let d(g) = 4*g - 7*g - 7*g**2 + 3*g**3 - 2*g**3 + 5 - 11*g. What is the units digit of d(9)?
1
Let j(d) = 4*d**2 - 4*d - 1. What is the hundreds digit of j(-7)?
2
Let n(c) = 8*c**2. Suppose -3*l + 24 = -4*t, -5*l - t - 11 = -7*l. Suppose 1 + 1 = 2*o + l*x, 3*x - 7 = 4*o. What is the units digit of n(o)?
8
Let h(d) = -4*d - 2. Let o be h(-2). Let b(i) = -i**3 + 7*i**2 - 4*i + 1. What is the tens digit of b(o)?
1
Suppose -5*s + 6*b = b - 55, 5*s = 3*b + 63. What is the units digit of (-6)/(-5)*100/s?
8
Suppose -3*p - 5*u + 4 = 0, -3*u - 7 - 8 = -4*p. Let d = 6 - p. What is the units digit of d?
3
Suppose 3*z - 3 = 6. Let k(p) = 5 - z - 2 - 4*p. What is the tens digit of k(-3)?
1
Suppose -960 = -11*u + 3*u. What is the units digit of u?
0
Suppose 3*p - h = 5*p - 7, 3*h - 15 = -4*p. Suppose -t + 9 = 4*w, -4*w - 2*t + 3 = -p. What is the units digit of w?
3
Let s be (-14)/(-4) + (-6)/(-4). Suppose -5*i + 24 = -i - 2*k, -s*i + 4*k = -24. What is the units digit of i?
8
Let w = 161 + -39. Suppose 3*o + 5 = w. What is the units digit of o?
9
Suppose 4*b - 522 - 94 = 0. What is the tens digit of b?
5
Suppose -2*p = 2*p + 2*k - 210, p - 66 = 4*k. What is the units digit of p?
4
Suppose -4*q + 313 = 121. What is the tens digit of q?
4
Let g be 5*1 - (-4 + 5). Let t be (3/(-2))/((-1)/g). Suppose 20 = 4*u - p, -t + 2 = -p. What is the units digit of u?
6
Let u = -118 - -187. What is the tens digit of u?
6
What is the tens digit of 175 + (4 + -3 - -3)?
7
Suppose -3*s + 980 = 4*h + 349, 0 = 3*h + 3*s - 477. What is the tens digit of h?
5
Let a(l) = l**2 + 8*l + 7. Let z be a(-7). Let m(y) = -y**2 + z - 7*y - 5 - 3*y. What is the units digit of m(-9)?
4
Suppose -216 = -4*n + 156. What is the tens digit of n?
9
What is the tens digit of (2 + 25)*(-9)/(-3)?
8
Let b = -104 + 70. Let s = b - -47. Let d = s + -7. What is the units digit of d?
6
Suppose 30*l = 27*l + 174. What is the units digit of l?
8
Suppose -370 = -10*v + 1170. What is the units digit of v?
4
Suppose 2*h + 3*h - 19 = -3*c, 19 = 2*h + 5*c. Let b be h/(-8) + 1278/24. Let x = b + -37. What is the units digit of x?
6
Suppose 2*y = -4*g - 14, -2*g + 0 - 3 = -3*y. Let j = y + 2. What is the units digit of j?
1
Suppose -p + 44 = -3*x - 0*x, 2*x = -3*p + 99. What is the units digit of (-30)/p*(0 - 7)?
6
Suppose 5*t + 4*p - 75 = 2*t, p = 3. What is the tens digit of t?
2
Suppose -2*k + 2*v - 7 = -37, -2*v = -4*k + 66. What is the tens digit of k?
1
Let g(l) be the third derivative of l**6/120 - l**5/20 + l**4/6 + l**3/6 + 4*l**2. What is the units digit of g(3)?
3
Let c = -183 + 289. What is the hundreds digit of c?
1
Suppose -l + 149 = 3*w, -2*l - 263 = -5*w - 0*w. What is the tens digit of w?
5
Let v be (-14)/21 + (-53)/(-3). Let p = v - 7. What is the tens digit of p?
1
Suppose x + 4 = 5*x. Suppose 3*t = 8 + x. Suppose -7 = -4*m + t*m. What is the units digit of m?
7
Let j be (-6)/(-15) + 238/5. Suppose -22 = -5*g + j. What is the units digit of g?
4
Let q = 115 - 15. What is the tens digit of q?
0
Suppose -3*t = 2*w + 1, -4*t = -4*w - t + 43. Suppose -2*s + w = -23. What is the tens digit of s?
1
Let t = -3 - -9. Suppose 5 = t*n - 5*n. What is the units digit of n?
5
Let m(z) = -z + 8. Let v be m(6). Suppose v*h + 40 = 3*h. Suppose t + 3*t - h = 0. What is the units digit of t?
0
Suppose -3*z + 94 = -4*q, -4 - 59 = -2*z + 3*q. What is the units digit of z?
0
Let i(t) = -t - 3. Let w be i(-9). Let n = w + 13. What is the tens digit of n?
1
Let s be ((-2)/3)/(3/(-18)). Let z be -8*s*(-2)/4. Suppose -3*m + m + z = 0. What is the units digit of m?
8
Let n = 42 - -30. What is the tens digit of n?
7
What is the units digit of ((-2)/(-4))/((-1)/(-478)) + 3?
2
Let g(s) = -2*s - 4. Let z be g(-3). Suppose -4*p + 14 = z. Suppose -14 - 22 = -p*v. What